{"id":5725,"date":"2022-05-13T08:46:00","date_gmt":"2022-05-13T15:46:00","guid":{"rendered":"https:\/\/coral.org\/?page_id=5725"},"modified":"2022-05-13T08:46:01","modified_gmt":"2022-05-13T15:46:01","slug":"concurso-de-camisetas-de-coral","status":"publish","type":"page","link":"https:\/\/coral.org\/es\/concurso-de-camisetas-de-coral\/","title":{"rendered":"Concurso de Camisetas de CORAL"},"content":{"rendered":"\n<h2 class=\"wp-block-heading\">\u00a1El D\u00eda Mundial de los Oc\u00e9anos se acerca r\u00e1pidamente! Para celebrarlo, organizamos un concurso de camisetas inspiradas en los oc\u00e9anos.<\/h2>\n\n\n\n<p>Los participantes pueden enviar hasta tres im\u00e1genes o dise\u00f1os originales para tener la oportunidad de que su creaci\u00f3n se publique como una camiseta CORAL y se venda en nuestra tienda. Env\u00eda tus dise\u00f1os a <strong><a href=\"mailto:communications@coral.org\">communications@coral.org<\/a> <\/strong>desde ahora hasta el 31 de mayo, a las 11:59 PM EST. Todas las ventas de camisetas contribuir\u00e1n a la conservaci\u00f3n de los arrecifes de coral, beneficiando tanto a los animales marinos como a las comunidades que dependen de ellos. <\/p>\n\n\n\n<h2 class=\"wp-block-heading\">Pasos para Participar<\/h2>\n\n\n\n<div class=\"wp-block-columns is-layout-flex wp-container-core-columns-is-layout-9d6595d7 wp-block-columns-is-layout-flex\">\n<div class=\"wp-block-column is-layout-flow wp-block-column-is-layout-flow\">\n<div class=\"wp-block-image is-style-rounded\"><figure class=\"aligncenter size-full is-resized\"><img loading=\"lazy\" decoding=\"async\" src=\"https:\/\/coral.org\/wp-content\/uploads\/2022\/05\/1-Create-Something-Awesome4-7.png\" alt=\"\" class=\"wp-image-5729\" width=\"250\" height=\"250\"\/><\/figure><\/div>\n\n\n\n<p class=\"has-text-align-center\">\u00a1Crea un dise\u00f1o inspirado en el oc\u00e9ano! Se anima a todas las edades a participar.<\/p>\n<\/div>\n\n\n\n<div class=\"wp-block-column is-layout-flow wp-block-column-is-layout-flow\">\n<div class=\"wp-block-image is-style-rounded\"><figure class=\"aligncenter size-full is-resized\"><img loading=\"lazy\" decoding=\"async\" src=\"https:\/\/coral.org\/wp-content\/uploads\/2022\/05\/1-Create-Something-Awesome4-6.png\" alt=\"\" class=\"wp-image-5728\" width=\"250\" height=\"250\"\/><\/figure><\/div>\n\n\n\n<p class=\"has-text-align-center\">Env\u00eda tu dise\u00f1o a <strong><a href=\"communications@coral.org\">communications@coral.org.<\/a><\/strong> Incluye tu nombre y una imagen de tu dise\u00f1o. <strong>Lo mejor es una imagen escaneada en PNG o JPG.<\/strong><\/p>\n<\/div>\n\n\n\n<div class=\"wp-block-column is-layout-flow wp-block-column-is-layout-flow\">\n<div class=\"wp-block-image is-style-rounded\"><figure class=\"aligncenter size-full is-resized\"><img loading=\"lazy\" decoding=\"async\" src=\"https:\/\/coral.org\/wp-content\/uploads\/2022\/05\/1-Create-Something-Awesome4-5.png\" alt=\"\" class=\"wp-image-5727\" width=\"250\" height=\"250\"\/><\/figure><\/div>\n\n\n\n<p class=\"has-text-align-center\">&nbsp;El dise\u00f1o ganador ser\u00e1 seleccionado por un panel de jueces. El ganador tendr\u00e1 su dise\u00f1o impreso en una camiseta CORAL.<\/p>\n<\/div>\n<\/div>\n\n\n\n<h2 class=\"wp-block-heading\"><strong>Criterios del Jurado<\/strong><\/h2>\n\n\n\n<p>Puedes hacer tu dise\u00f1o tan abstracto o tan realista como quieras. Nuestro jurado elegir\u00e1 el dise\u00f1o ganador bas\u00e1ndose en: <strong>1) La creatividad y el dise\u00f1o en general 2) La conexi\u00f3n con el oc\u00e9ano. (\u00a1Puntos extra para quien muestre una conexi\u00f3n con los arrecifes de coral!)<\/strong><\/p>\n\n\n\n<h4 class=\"wp-block-heading\">Conoce a Nuestros Jueces:<\/h4>\n\n\n\n<div class=\"wp-block-columns is-layout-flex wp-container-core-columns-is-layout-9d6595d7 wp-block-columns-is-layout-flex\">\n<div class=\"wp-block-column is-layout-flow wp-block-column-is-layout-flow\">\n<div class=\"wp-block-image is-style-rounded\"><figure class=\"aligncenter size-full is-resized\"><a href=\"https:\/\/www.instagram.com\/nigelbarker\/\"><img loading=\"lazy\" decoding=\"async\" src=\"https:\/\/coral.org\/wp-content\/uploads\/2022\/05\/Judge-2-.png\" alt=\"\" class=\"wp-image-5696\" width=\"250\" height=\"250\"\/><\/a><\/figure><\/div>\n\n\n\n<h4 class=\"has-text-align-center wp-block-heading\">Nigel Barker<\/h4>\n\n\n\n<p class=\"has-text-align-center\">Fot\u00f3grafo Fashion de Renombre Mundial, Cineasta, Director Creativo y Personalidad de la TV.<\/p>\n<\/div>\n\n\n\n<div class=\"wp-block-column is-layout-flow wp-block-column-is-layout-flow\">\n<div class=\"wp-block-image\"><figure class=\"aligncenter size-full is-resized\"><a href=\"https:\/\/www.brooklynbrigade.us\/\"><img loading=\"lazy\" decoding=\"async\" src=\"https:\/\/coral.org\/wp-content\/uploads\/2022\/05\/Judge-3-4.png\" alt=\"\" class=\"wp-image-5705\" width=\"250\" height=\"250\"\/><\/a><\/figure><\/div>\n\n\n\n<h4 class=\"has-text-align-center wp-block-heading\">Brooklyn Brigade<\/h4>\n\n\n\n<p class=\"has-text-align-center\"><em>Representada por: Efia Sarjeant Bethel. <\/em><\/p>\n\n\n\n<p class=\"has-text-align-center\">Socio corporativo de CORAL. Esta marca de ropa est\u00e1 especializada en la expresi\u00f3n del individualismo y la creatividad.<\/p>\n<\/div>\n\n\n\n<div class=\"wp-block-column is-layout-flow wp-block-column-is-layout-flow\">\n<div class=\"wp-block-image is-style-rounded\"><figure class=\"aligncenter size-full is-resized\"><a href=\"https:\/\/www.youtube.com\/watch?v=5Y20cIMe6Rg\"><img loading=\"lazy\" decoding=\"async\" src=\"https:\/\/coral.org\/wp-content\/uploads\/2022\/05\/Judge-1-.png\" alt=\"\" class=\"wp-image-5698\" width=\"250\" height=\"250\"\/><\/a><\/figure><\/div>\n\n\n\n<h4 class=\"has-text-align-center wp-block-heading\">Jake Shimabukuro &amp; Joshua Nakazawa<\/h4>\n\n\n\n<p class=\"has-text-align-center\">M\u00fasicos, con sede en Hawai. Jake es un virtuoso del ukelele reconocido internacionalmente y Joshua es un premiado violonchelista de la Orquesta Sinf\u00f3nica de Hawai.<\/p>\n<\/div>\n<\/div>\n\n\n\n<h2 class=\"wp-block-heading\">Liberaci\u00f3n de Responsabilidad para Menores:<\/h2>\n\n\n\n<p>Se anima a los participantes de cualquier edad a participar. Si eres menor de 18 a\u00f1os, uno de tus padres o un tutor debe firmar un documento de liberaci\u00f3n de responsabilidad antes de que CORAL promocione, publique o venda el dise\u00f1o de la camiseta. Este documento puede enviarse a <strong><a href=\"mailto:communications@coral.org\">communications@coral.org<\/a><\/strong>.<\/p>\n\n\n\n<div style=\"text-align:center\" class=\"wp-block-genesis-blocks-gb-button gb-block-button\"><a href=\"https:\/\/coral.org\/wp-content\/uploads\/2022\/05\/T-shirt-Contest-Waiver-Minors_ES.docx.pdf\" class=\"gb-button gb-button-shape-circular gb-button-size-medium\" style=\"color:#ffffff;background-color:#FFB43C\">Descargar Liberaci\u00f3n de Responsabilidad<\/a><\/div>\n\n\n\n<p><strong>T\u00e9rminos y Condiciones.<\/strong><\/p>\n\n\n\n<ul class=\"wp-block-list\"><li>Pueden participar todas las edades. Se anima a los participantes de todo el mundo a participar.<\/li><\/ul>\n\n\n\n<ul class=\"wp-block-list\"><li>Los participantes menores de 18 a\u00f1os deben tener <a href=\"https:\/\/coral.org\/wp-content\/uploads\/2022\/05\/T-shirt-Contest-Waiver-Minors_ES.docx.pdf\"><strong>una liberaci\u00f3n de responsabilidad firmada<\/strong><\/a> por un padre o tutor antes de que CORAL promocione, publique o venda el dise\u00f1o.<\/li><\/ul>\n\n\n\n<ul class=\"wp-block-list\"><li>Las obras se aceptar\u00e1n hasta el 31 de mayo de 2022 a las 11:59 PM EST.<\/li><\/ul>\n\n\n\n<ul class=\"wp-block-list\"><li>Todos los trabajos deben ser originales.<\/li><\/ul>\n\n\n\n<ul class=\"wp-block-list\"><li>Los participantes reconocen que al enviar un dise\u00f1o, autorizan a CORAL a promocionar, publicar y vender su trabajo.<\/li><\/ul>\n\n\n\n<ul class=\"wp-block-list\"><li>Las ventas de la camiseta ganadora contribuir\u00e1n a los programas de conservaci\u00f3n de CORAL. El ganador no se beneficiar\u00e1 de las ventas, pero puede confiar en que los ingresos se destinar\u00e1n a mitigar las amenazas marinas y a mantener la salud de los arrecifes de coral.<\/li><\/ul>\n","protected":false},"excerpt":{"rendered":"<p>\u00a1El D\u00eda Mundial de los Oc\u00e9anos se acerca r\u00e1pidamente! Para celebrarlo, organizamos un concurso de camisetas inspiradas en los oc\u00e9anos. Los participantes pueden enviar hasta tres im\u00e1genes o dise\u00f1os originales para tener la oportunidad de que su creaci\u00f3n se publique como una camiseta CORAL y se venda en nuestra tienda. Env\u00eda tus dise\u00f1os a communications@coral.org&hellip; <a href=\"https:\/\/coral.org\/es\/concurso-de-camisetas-de-coral\/\" class=\"more-link\">Sigue Leyendo &#8594;<\/a><\/p>\n","protected":false},"author":5,"featured_media":3929,"parent":0,"menu_order":0,"comment_status":"closed","ping_status":"closed","template":"","meta":{"_acf_changed":false,"inline_featured_image":false,"_genesis_hide_title":false,"_genesis_hide_breadcrumbs":false,"_genesis_hide_singular_image":false,"_genesis_hide_footer_widgets":false,"_genesis_custom_body_class":"","_genesis_custom_post_class":"","_genesis_layout":"","_genesis_transparent_header":false,"_genesis_hide_siblings_nav":false,"_genesis_hide_flyout":false,"_genesis_subtitle":"","_genesis_subheading":"","footnotes":""},"class_list":{"0":"post-5725","1":"page","2":"type-page","3":"status-publish","4":"has-post-thumbnail","6":"entry"},"acf":[],"template_part":"","featured_image_src":"https:\/\/static.coral.org\/uploads\/2021\/09\/coral-reef-alliance-placeholder-600x400.png","featured_image_src_square":"https:\/\/static.coral.org\/uploads\/2021\/09\/coral-reef-alliance-placeholder-600x600.png","_links":{"self":[{"href":"https:\/\/coral.org\/es\/wp-json\/wp\/v2\/pages\/5725","targetHints":{"allow":["GET"]}}],"collection":[{"href":"https:\/\/coral.org\/es\/wp-json\/wp\/v2\/pages"}],"about":[{"href":"https:\/\/coral.org\/es\/wp-json\/wp\/v2\/types\/page"}],"author":[{"embeddable":true,"href":"https:\/\/coral.org\/es\/wp-json\/wp\/v2\/users\/5"}],"replies":[{"embeddable":true,"href":"https:\/\/coral.org\/es\/wp-json\/wp\/v2\/comments?post=5725"}],"version-history":[{"count":0,"href":"https:\/\/coral.org\/es\/wp-json\/wp\/v2\/pages\/5725\/revisions"}],"wp:featuredmedia":[{"embeddable":true,"href":"https:\/\/coral.org\/es\/wp-json\/wp\/v2\/media\/3929"}],"wp:attachment":[{"href":"https:\/\/coral.org\/es\/wp-json\/wp\/v2\/media?parent=5725"}],"curies":[{"name":"wp","href":"https:\/\/api.w.org\/{rel}","templated":true}]}}

<h2 class="wp-block-heading">¡El Día Mundial de los Océanos se acerca rápidamente! Para celebrarlo, organizamos un concurso de camisetas inspiradas en los océanos.</h2>



<p>Los participantes pueden enviar hasta tres imágenes o diseños originales para tener la oportunidad de que su creación se publique como una camiseta CORAL y se venda en nuestra tienda. Envía tus diseños a <strong><a href="mailto:communications@coral.org">communications@coral.org</a> </strong>desde ahora hasta el 31 de mayo, a las 11:59 PM EST. Todas las ventas de camisetas contribuirán a la conservación de los arrecifes de coral, beneficiando tanto a los animales marinos como a las comunidades que dependen de ellos. </p>



<h2 class="wp-block-heading">Pasos para Participar</h2>



<div class="wp-block-columns is-layout-flex wp-container-core-columns-is-layout-9d6595d7 wp-block-columns-is-layout-flex">
<div class="wp-block-column is-layout-flow wp-block-column-is-layout-flow">
<div class="wp-block-image is-style-rounded"><figure class="aligncenter size-full is-resized"><img loading="lazy" decoding="async" src="https://coral.org/wp-content/uploads/2022/05/1-Create-Something-Awesome4-7.png" alt="" class="wp-image-5729" width="250" height="250"/></figure></div>



<p class="has-text-align-center">¡Crea un diseño inspirado en el océano! Se anima a todas las edades a participar.</p>
</div>



<div class="wp-block-column is-layout-flow wp-block-column-is-layout-flow">
<div class="wp-block-image is-style-rounded"><figure class="aligncenter size-full is-resized"><img loading="lazy" decoding="async" src="https://coral.org/wp-content/uploads/2022/05/1-Create-Something-Awesome4-6.png" alt="" class="wp-image-5728" width="250" height="250"/></figure></div>



<p class="has-text-align-center">Envía tu diseño a <strong><a href="communications@coral.org">communications@coral.org.</a></strong> Incluye tu nombre y una imagen de tu diseño. <strong>Lo mejor es una imagen escaneada en PNG o JPG.</strong></p>
</div>



<div class="wp-block-column is-layout-flow wp-block-column-is-layout-flow">
<div class="wp-block-image is-style-rounded"><figure class="aligncenter size-full is-resized"><img loading="lazy" decoding="async" src="https://coral.org/wp-content/uploads/2022/05/1-Create-Something-Awesome4-5.png" alt="" class="wp-image-5727" width="250" height="250"/></figure></div>



<p class="has-text-align-center">&nbsp;El diseño ganador será seleccionado por un panel de jueces. El ganador tendrá su diseño impreso en una camiseta CORAL.</p>
</div>
</div>



<h2 class="wp-block-heading"><strong>Criterios del Jurado</strong></h2>



<p>Puedes hacer tu diseño tan abstracto o tan realista como quieras. Nuestro jurado elegirá el diseño ganador basándose en: <strong>1) La creatividad y el diseño en general 2) La conexión con el océano. (¡Puntos extra para quien muestre una conexión con los arrecifes de coral!)</strong></p>



<h4 class="wp-block-heading">Conoce a Nuestros Jueces:</h4>



<div class="wp-block-columns is-layout-flex wp-container-core-columns-is-layout-9d6595d7 wp-block-columns-is-layout-flex">
<div class="wp-block-column is-layout-flow wp-block-column-is-layout-flow">
<div class="wp-block-image is-style-rounded"><figure class="aligncenter size-full is-resized"><a href="https://www.instagram.com/nigelbarker/"><img loading="lazy" decoding="async" src="https://coral.org/wp-content/uploads/2022/05/Judge-2-.png" alt="" class="wp-image-5696" width="250" height="250"/></a></figure></div>



<h4 class="has-text-align-center wp-block-heading">Nigel Barker</h4>



<p class="has-text-align-center">Fotógrafo Fashion de Renombre Mundial, Cineasta, Director Creativo y Personalidad de la TV.</p>
</div>



<div class="wp-block-column is-layout-flow wp-block-column-is-layout-flow">
<div class="wp-block-image"><figure class="aligncenter size-full is-resized"><a href="https://www.brooklynbrigade.us/"><img loading="lazy" decoding="async" src="https://coral.org/wp-content/uploads/2022/05/Judge-3-4.png" alt="" class="wp-image-5705" width="250" height="250"/></a></figure></div>



<h4 class="has-text-align-center wp-block-heading">Brooklyn Brigade</h4>



<p class="has-text-align-center"><em>Representada por: Efia Sarjeant Bethel. </em></p>



<p class="has-text-align-center">Socio corporativo de CORAL. Esta marca de ropa está especializada en la expresión del individualismo y la creatividad.</p>
</div>



<div class="wp-block-column is-layout-flow wp-block-column-is-layout-flow">
<div class="wp-block-image is-style-rounded"><figure class="aligncenter size-full is-resized"><a href="https://www.youtube.com/watch?v=5Y20cIMe6Rg"><img loading="lazy" decoding="async" src="https://coral.org/wp-content/uploads/2022/05/Judge-1-.png" alt="" class="wp-image-5698" width="250" height="250"/></a></figure></div>



<h4 class="has-text-align-center wp-block-heading">Jake Shimabukuro &amp; Joshua Nakazawa</h4>



<p class="has-text-align-center">Músicos, con sede en Hawai. Jake es un virtuoso del ukelele reconocido internacionalmente y Joshua es un premiado violonchelista de la Orquesta Sinfónica de Hawai.</p>
</div>
</div>



<h2 class="wp-block-heading">Liberación de Responsabilidad para Menores:</h2>



<p>Se anima a los participantes de cualquier edad a participar. Si eres menor de 18 años, uno de tus padres o un tutor debe firmar un documento de liberación de responsabilidad antes de que CORAL promocione, publique o venda el diseño de la camiseta. Este documento puede enviarse a <strong><a href="mailto:communications@coral.org">communications@coral.org</a></strong>.</p>



<div style="text-align:center" class="wp-block-genesis-blocks-gb-button gb-block-button"><a href="https://coral.org/wp-content/uploads/2022/05/T-shirt-Contest-Waiver-Minors_ES.docx.pdf" class="gb-button gb-button-shape-circular gb-button-size-medium" style="color:#ffffff;background-color:#FFB43C">Descargar Liberación de Responsabilidad</a></div>



<p><strong>Términos y Condiciones.</strong></p>



<ul class="wp-block-list"><li>Pueden participar todas las edades. Se anima a los participantes de todo el mundo a participar.</li></ul>



<ul class="wp-block-list"><li>Los participantes menores de 18 años deben tener <a href="https://coral.org/wp-content/uploads/2022/05/T-shirt-Contest-Waiver-Minors_ES.docx.pdf"><strong>una liberación de responsabilidad firmada</strong></a> por un padre o tutor antes de que CORAL promocione, publique o venda el diseño.</li></ul>



<ul class="wp-block-list"><li>Las obras se aceptarán hasta el 31 de mayo de 2022 a las 11:59 PM EST.</li></ul>



<ul class="wp-block-list"><li>Todos los trabajos deben ser originales.</li></ul>



<ul class="wp-block-list"><li>Los participantes reconocen que al enviar un diseño, autorizan a CORAL a promocionar, publicar y vender su trabajo.</li></ul>



<ul class="wp-block-list"><li>Las ventas de la camiseta ganadora contribuirán a los programas de conservación de CORAL. El ganador no se beneficiará de las ventas, pero puede confiar en que los ingresos se destinarán a mitigar las amenazas marinas y a mantener la salud de los arrecifes de coral.</li></ul>

<p>¡El Día Mundial de los Océanos se acerca rápidamente! Para celebrarlo, organizamos un concurso de camisetas inspiradas en los océanos. Los participantes pueden enviar hasta tres imágenes o diseños originales para tener la oportunidad de que su creación se publique como una camiseta CORAL y se venda en nuestra tienda. Envía tus diseños a communications@coral.org&hellip; <a href="https://coral.org/es/concurso-de-camisetas-de-coral/" class="more-link">Sigue Leyendo &#8594;</a></p>
