{"id":4762,"date":"2021-10-12T09:23:38","date_gmt":"2021-10-12T16:23:38","guid":{"rendered":"https:\/\/coral.org\/?post_type=resource&#038;p=4762"},"modified":"2021-10-12T09:48:29","modified_gmt":"2021-10-12T16:48:29","slug":"la-gestion-de-la-diversidad-de-la-red-acelera-la-adaptacion-evolutiva-al-cambio-climatico","status":"publish","type":"resource","link":"https:\/\/coral.org\/es\/resource\/la-gestion-de-la-diversidad-de-la-red-acelera-la-adaptacion-evolutiva-al-cambio-climatico\/","title":{"rendered":"La gesti\u00f3n de la diversidad de la red acelera la adaptaci\u00f3n evolutiva al cambio clim\u00e1tico"},"content":{"rendered":"\n<p>Este estudio pionero es uno de los primeros en demostrar que una gesti\u00f3n que tenga en cuenta la evoluci\u00f3n y la adaptaci\u00f3n puede ayudar a rescatar los arrecifes de coral de los efectos del cambio clim\u00e1tico. Los resultados muestran que si se toman decisiones inteligentes para proteger los arrecifes hoy, los gestores de la conservaci\u00f3n pueden generar las condiciones que pueden ayudar a los corales a adaptarse al aumento de las temperaturas.&nbsp;<\/p>\n","protected":false},"excerpt":{"rendered":"<p>Este estudio pionero es uno de los primeros en demostrar que una gesti\u00f3n que tenga en cuenta la evoluci\u00f3n y la adaptaci\u00f3n puede ayudar a rescatar los arrecifes de coral de los efectos del cambio clim\u00e1tico. Los resultados muestran que si se toman decisiones inteligentes para proteger los arrecifes hoy, los gestores de la conservaci\u00f3n&hellip; <a href=\"https:\/\/coral.org\/es\/resource\/la-gestion-de-la-diversidad-de-la-red-acelera-la-adaptacion-evolutiva-al-cambio-climatico\/\" class=\"more-link\">Sigue Leyendo &#8594;<\/a><\/p>\n","protected":false},"featured_media":3929,"menu_order":0,"template":"","meta":{"_acf_changed":false,"inline_featured_image":false,"_genesis_hide_title":false,"_genesis_hide_breadcrumbs":false,"_genesis_hide_singular_image":false,"_genesis_hide_footer_widgets":false,"_genesis_custom_body_class":"","_genesis_custom_post_class":"","_genesis_layout":"","_genesis_transparent_header":false,"_genesis_hide_siblings_nav":false,"_genesis_hide_flyout":false,"_genesis_subtitle":"","_genesis_subheading":""},"categories":[347],"tags":[309],"class_list":{"0":"post-4762","1":"resource","2":"type-resource","3":"status-publish","4":"has-post-thumbnail","6":"category-scientific-article","7":"tag-science","8":"entry"},"acf":[],"template_part":"\n<article class=\"article article-resource post-4762 resource type-resource status-publish has-post-thumbnail category-scientific-article tag-science entry\">\n\t<div class=\"entry-image\">\n\t\t<a href=\"https:\/\/go.nature.com\/2J0e8XU\">\n\t\t\t<span class=\"entry-icon entry-mime-type\">\n\t\t\t\t<i class=\"far fa-file\"><\/i>\n\t\t\t<\/span>\n\t\t\t<span class=\"entry-thumbnail-preview scientific-article\">Art\u00edculo Cient\u00edfico<\/span>\t\t<\/a>\n\t<\/div>\n\t<div class=\"entry-body\">\n\t\t<h4 class=\"entry-title\"><a href=\"https:\/\/go.nature.com\/2J0e8XU\" class=\"entry-title-link\">La gesti\u00f3n de la diversidad de la red acelera la adaptaci\u00f3n evolutiva al cambio clim\u00e1tico<\/a><\/h4>\t\t<p>Este estudio pionero es uno de los primeros en demostrar que una gesti\u00f3n que tenga en cuenta la evoluci\u00f3n y la adaptaci\u00f3n puede ayudar a rescatar los arrecifes de coral de los efectos del cambio clim\u00e1tico. Los resultados muestran que si se toman decisiones inteligentes para proteger los arrecifes hoy, los gestores de la conservaci\u00f3n&hellip; <a href=\"https:\/\/coral.org\/es\/resource\/la-gestion-de-la-diversidad-de-la-red-acelera-la-adaptacion-evolutiva-al-cambio-climatico\/\" class=\"more-link\">Sigue Leyendo &#8594;<\/a><\/p>\n\t<\/div>\n<\/article>\n","_links":{"self":[{"href":"https:\/\/coral.org\/es\/wp-json\/wp\/v2\/resource\/4762","targetHints":{"allow":["GET"]}}],"collection":[{"href":"https:\/\/coral.org\/es\/wp-json\/wp\/v2\/resource"}],"about":[{"href":"https:\/\/coral.org\/es\/wp-json\/wp\/v2\/types\/resource"}],"wp:featuredmedia":[{"embeddable":true,"href":"https:\/\/coral.org\/es\/wp-json\/wp\/v2\/media\/3929"}],"wp:attachment":[{"href":"https:\/\/coral.org\/es\/wp-json\/wp\/v2\/media?parent=4762"}],"wp:term":[{"taxonomy":"category","embeddable":true,"href":"https:\/\/coral.org\/es\/wp-json\/wp\/v2\/categories?post=4762"},{"taxonomy":"post_tag","embeddable":true,"href":"https:\/\/coral.org\/es\/wp-json\/wp\/v2\/tags?post=4762"}],"curies":[{"name":"wp","href":"https:\/\/api.w.org\/{rel}","templated":true}]}}

La gestión de la diversidad de la red acelera la adaptación evolutiva al cambio climático

<p>Este estudio pionero es uno de los primeros en demostrar que una gestión que tenga en cuenta la evolución y la adaptación puede ayudar a rescatar los arrecifes de coral de los efectos del cambio climático. Los resultados muestran que si se toman decisiones inteligentes para proteger los arrecifes hoy, los gestores de la conservación pueden generar las condiciones que pueden ayudar a los corales a adaptarse al aumento de las temperaturas.&nbsp;</p>

<p>Este estudio pionero es uno de los primeros en demostrar que una gestión que tenga en cuenta la evolución y la adaptación puede ayudar a rescatar los arrecifes de coral de los efectos del cambio climático. Los resultados muestran que si se toman decisiones inteligentes para proteger los arrecifes hoy, los gestores de la conservación&hellip; <a href="https://coral.org/es/resource/la-gestion-de-la-diversidad-de-la-red-acelera-la-adaptacion-evolutiva-al-cambio-climatico/" class="more-link">Sigue Leyendo &#8594;</a></p>

<article class="article article-resource post-4762 resource type-resource status-publish has-post-thumbnail category-scientific-article tag-science entry">
	<div class="entry-image">
		<a href="https://go.nature.com/2J0e8XU">
			<span class="entry-icon entry-mime-type">
				<i class="far fa-file"></i>
			</span>
			<span class="entry-thumbnail-preview scientific-article">Artículo Científico</span>		</a>
	</div>
	<div class="entry-body">
		<h4 class="entry-title"><a href="https://go.nature.com/2J0e8XU" class="entry-title-link">La gestión de la diversidad de la red acelera la adaptación evolutiva al cambio climático</a></h4>		<p>Este estudio pionero es uno de los primeros en demostrar que una gestión que tenga en cuenta la evolución y la adaptación puede ayudar a rescatar los arrecifes de coral de los efectos del cambio climático. Los resultados muestran que si se toman decisiones inteligentes para proteger los arrecifes hoy, los gestores de la conservación&hellip; <a href="https://coral.org/es/resource/la-gestion-de-la-diversidad-de-la-red-acelera-la-adaptacion-evolutiva-al-cambio-climatico/" class="more-link">Sigue Leyendo &#8594;</a></p>
	</div>
</article>
