{"id":8038,"date":"2024-11-13T15:44:53","date_gmt":"2024-11-13T23:44:53","guid":{"rendered":"https:\/\/coral.org\/resource\/comportamiento-de-los-buceadores-scuba-capacidad-de-carga-de-los-buceadores-y-sus-implicaciones-para-la-gestion-sostenible-de-los-arrecifes\/"},"modified":"2024-11-13T15:44:54","modified_gmt":"2024-11-13T23:44:54","slug":"comportamiento-de-los-buceadores-scuba-capacidad-de-carga-de-los-buceadores-y-sus-implicaciones-para-la-gestion-sostenible-de-los-arrecifes","status":"publish","type":"resource","link":"https:\/\/coral.org\/es\/resource\/comportamiento-de-los-buceadores-scuba-capacidad-de-carga-de-los-buceadores-y-sus-implicaciones-para-la-gestion-sostenible-de-los-arrecifes\/","title":{"rendered":"Comportamiento de los buceadores SCUBA, capacidad de carga de los buceadores y sus implicaciones para la gesti\u00f3n sostenible de los arrecifes."},"content":{"rendered":"\n<p><strong>Dr. Pelayo Rico Fern\u00e1ndez y Dra. Antonella Rivera<\/strong><\/p>\n\n<p>Explora nuestro estudio m\u00e1s reciente sobre la capacidad de carga de los puntos de buceo. \u00abLos resultados de este estudio ponen de relieve la importancia cr\u00edtica de evaluar la capacidad de carga de los buceadores para proteger el arrecife. Varios factores, como los niveles de certificaci\u00f3n y la pesca con arp\u00f3n del pez le\u00f3n, influyen en esta capacidad. Ampliar estos an\u00e1lisis a nivel regional y reevaluarlos peri\u00f3dicamente es fundamental. Este enfoque de gesti\u00f3n adaptativa permite una toma de decisiones informada que evita sobrepasar la capacidad del arrecife, mitigando as\u00ed posibles da\u00f1os y preservando el fr\u00e1gil entorno marino.  Dra. Antonella Rivera <\/p>\n\n<p><a href=\"https:\/\/www.sciencedirect.com\/science\/article\/pii\/S0308597X24001970\" target=\"_blank\" rel=\"noreferrer noopener\">Sigue leyendo &gt;<\/a><\/p>\n","protected":false},"excerpt":{"rendered":"<p>Dr. Pelayo Rico Fern\u00e1ndez y Dra. Antonella Rivera Explora nuestro estudio m\u00e1s reciente sobre la capacidad de carga de los puntos de buceo. \u00abLos resultados de este estudio ponen de relieve la importancia cr\u00edtica de evaluar la capacidad de carga de los buceadores para proteger el arrecife. Varios factores, como los niveles de certificaci\u00f3n y&hellip; <a href=\"https:\/\/coral.org\/es\/resource\/comportamiento-de-los-buceadores-scuba-capacidad-de-carga-de-los-buceadores-y-sus-implicaciones-para-la-gestion-sostenible-de-los-arrecifes\/\" class=\"more-link\">Sigue Leyendo &#8594;<\/a><\/p>\n","protected":false},"featured_media":3929,"menu_order":0,"template":"","meta":{"_acf_changed":false,"inline_featured_image":false,"_genesis_hide_title":false,"_genesis_hide_breadcrumbs":false,"_genesis_hide_singular_image":false,"_genesis_hide_footer_widgets":false,"_genesis_custom_body_class":"","_genesis_custom_post_class":"","_genesis_layout":"","_genesis_transparent_header":false,"_genesis_hide_siblings_nav":false,"_genesis_hide_flyout":false,"_genesis_subtitle":"","_genesis_subheading":""},"categories":[347],"tags":[],"class_list":{"0":"post-8038","1":"resource","2":"type-resource","3":"status-publish","4":"has-post-thumbnail","6":"category-scientific-article","7":"entry"},"acf":[],"template_part":"\n<article class=\"article article-resource post-8038 resource type-resource status-publish has-post-thumbnail category-scientific-article entry\">\n\t<div class=\"entry-image\">\n\t\t<a href=\"https:\/\/www.sciencedirect.com\/science\/article\/pii\/S0308597X24001970\">\n\t\t\t<span class=\"entry-icon entry-mime-type\">\n\t\t\t\t<i class=\"far fa-file\"><\/i>\n\t\t\t<\/span>\n\t\t\t<span class=\"entry-thumbnail-preview scientific-article\">Art\u00edculo Cient\u00edfico<\/span>\t\t<\/a>\n\t<\/div>\n\t<div class=\"entry-body\">\n\t\t<h4 class=\"entry-title\"><a href=\"https:\/\/www.sciencedirect.com\/science\/article\/pii\/S0308597X24001970\" class=\"entry-title-link\">Comportamiento de los buceadores SCUBA, capacidad de carga de los buceadores y sus implicaciones para la gesti\u00f3n sostenible de los arrecifes.<\/a><\/h4>\t\t<p>Dr. Pelayo Rico Fern\u00e1ndez y Dra. Antonella Rivera Explora nuestro estudio m\u00e1s reciente sobre la capacidad de carga de los puntos de buceo. \u00abLos resultados de este estudio ponen de relieve la importancia cr\u00edtica de evaluar la capacidad de carga de los buceadores para proteger el arrecife. Varios factores, como los niveles de certificaci\u00f3n y&hellip; <a href=\"https:\/\/coral.org\/es\/resource\/comportamiento-de-los-buceadores-scuba-capacidad-de-carga-de-los-buceadores-y-sus-implicaciones-para-la-gestion-sostenible-de-los-arrecifes\/\" class=\"more-link\">Sigue Leyendo &#8594;<\/a><\/p>\n\t<\/div>\n<\/article>\n","_links":{"self":[{"href":"https:\/\/coral.org\/es\/wp-json\/wp\/v2\/resource\/8038","targetHints":{"allow":["GET"]}}],"collection":[{"href":"https:\/\/coral.org\/es\/wp-json\/wp\/v2\/resource"}],"about":[{"href":"https:\/\/coral.org\/es\/wp-json\/wp\/v2\/types\/resource"}],"wp:featuredmedia":[{"embeddable":true,"href":"https:\/\/coral.org\/es\/wp-json\/wp\/v2\/media\/3929"}],"wp:attachment":[{"href":"https:\/\/coral.org\/es\/wp-json\/wp\/v2\/media?parent=8038"}],"wp:term":[{"taxonomy":"category","embeddable":true,"href":"https:\/\/coral.org\/es\/wp-json\/wp\/v2\/categories?post=8038"},{"taxonomy":"post_tag","embeddable":true,"href":"https:\/\/coral.org\/es\/wp-json\/wp\/v2\/tags?post=8038"}],"curies":[{"name":"wp","href":"https:\/\/api.w.org\/{rel}","templated":true}]}}

Comportamiento de los buceadores SCUBA, capacidad de carga de los buceadores y sus implicaciones para la gestión sostenible de los arrecifes.

<p><strong>Dr. Pelayo Rico Fernández y Dra. Antonella Rivera</strong></p>

<p>Explora nuestro estudio más reciente sobre la capacidad de carga de los puntos de buceo. «Los resultados de este estudio ponen de relieve la importancia crítica de evaluar la capacidad de carga de los buceadores para proteger el arrecife. Varios factores, como los niveles de certificación y la pesca con arpón del pez león, influyen en esta capacidad. Ampliar estos análisis a nivel regional y reevaluarlos periódicamente es fundamental. Este enfoque de gestión adaptativa permite una toma de decisiones informada que evita sobrepasar la capacidad del arrecife, mitigando así posibles daños y preservando el frágil entorno marino.  Dra. Antonella Rivera </p>

<p><a href="https://www.sciencedirect.com/science/article/pii/S0308597X24001970" target="_blank" rel="noreferrer noopener">Sigue leyendo &gt;</a></p>

<p>Dr. Pelayo Rico Fernández y Dra. Antonella Rivera Explora nuestro estudio más reciente sobre la capacidad de carga de los puntos de buceo. «Los resultados de este estudio ponen de relieve la importancia crítica de evaluar la capacidad de carga de los buceadores para proteger el arrecife. Varios factores, como los niveles de certificación y&hellip; <a href="https://coral.org/es/resource/comportamiento-de-los-buceadores-scuba-capacidad-de-carga-de-los-buceadores-y-sus-implicaciones-para-la-gestion-sostenible-de-los-arrecifes/" class="more-link">Sigue Leyendo &#8594;</a></p>

<article class="article article-resource post-8038 resource type-resource status-publish has-post-thumbnail category-scientific-article entry">
	<div class="entry-image">
		<a href="https://www.sciencedirect.com/science/article/pii/S0308597X24001970">
			<span class="entry-icon entry-mime-type">
				<i class="far fa-file"></i>
			</span>
			<span class="entry-thumbnail-preview scientific-article">Artículo Científico</span>		</a>
	</div>
	<div class="entry-body">
		<h4 class="entry-title"><a href="https://www.sciencedirect.com/science/article/pii/S0308597X24001970" class="entry-title-link">Comportamiento de los buceadores SCUBA, capacidad de carga de los buceadores y sus implicaciones para la gestión sostenible de los arrecifes.</a></h4>		<p>Dr. Pelayo Rico Fernández y Dra. Antonella Rivera Explora nuestro estudio más reciente sobre la capacidad de carga de los puntos de buceo. «Los resultados de este estudio ponen de relieve la importancia crítica de evaluar la capacidad de carga de los buceadores para proteger el arrecife. Varios factores, como los niveles de certificación y&hellip; <a href="https://coral.org/es/resource/comportamiento-de-los-buceadores-scuba-capacidad-de-carga-de-los-buceadores-y-sus-implicaciones-para-la-gestion-sostenible-de-los-arrecifes/" class="more-link">Sigue Leyendo &#8594;</a></p>
	</div>
</article>
