{"id":4038,"date":"2021-08-11T06:26:18","date_gmt":"2021-08-11T13:26:18","guid":{"rendered":"https:\/\/coral.org\/team\/julio-san-martin-chicas\/"},"modified":"2025-07-25T13:03:31","modified_gmt":"2025-07-25T20:03:31","slug":"julio-san-martin-chicas","status":"publish","type":"team","link":"https:\/\/coral.org\/es\/team\/julio-san-martin-chicas\/","title":{"rendered":"Julio San Mart\u00edn Chicas"},"content":{"rendered":"\n<p class=\"has-normal-font-size\">Julio es un bi\u00f3logo egresado de la Universidad Nacional Aut\u00f3noma de Honduras (UNAH). Ha trabajado como t\u00e9cnico de campo y supervisor de ciencia ciudadana para la investigaci\u00f3n pesquera en la Costa Norte de Honduras. Comenz\u00f3 su carrera en gobernanza ambiental como pasante en Coral Reef Alliance y como voluntario en la ONG ambiental Fundaci\u00f3n PROLANSATE. Posteriormente se convirti\u00f3 en miembro activo de PROLANSATE y se uni\u00f3 a su Junta Directiva. Julio tambi\u00e9n es parte del programa de liderazgo del Arrecife Mesoamericano (SAM). Julio se destaca en el campo de la gobernanza ambiental por su capacidad para difundir informaci\u00f3n t\u00e9cnica a instituciones y comunidades locales, fortaleza que atribuye a su amplia trayectoria como educador ambiental. Tambi\u00e9n tiene una amplia experiencia en el monitoreo pesquero, iniciativa que ha sido la base para la toma de decisiones efectivas relacionadas con la protecci\u00f3n, recuperaci\u00f3n y uso sostenible de los recursos pesqueros en la Costa Norte de Honduras. Julio cree firmemente que la participaci\u00f3n de las comunidades locales es fundamental para la conservaci\u00f3n efectiva de los recursos marinos costeros, ya que son los actores clave en cualquier proceso de protecci\u00f3n. Se uni\u00f3 a CORAL en 2017 y actualmente se desempe\u00f1a como Coordinador Principal de Programas para la Costa Norte de Honduras, principalmente con base en la Bah\u00eda de Tela.<\/p>\n\n\n\n<blockquote class=\"wp-block-quote is-layout-flow wp-block-quote-is-layout-flow\"><p>Los humanos son las \u00fanicas criaturas con la capacidad de sumergirse en las profundidades del mar, volar alto en el cielo, enviar mensajes instant\u00e1neos alrededor del mundo, reflexionar sobre el pasado, evaluar el presente e imaginar el futuro.<\/p><cite>Sylvia Earle<\/cite><\/blockquote>\n","protected":false},"excerpt":{"rendered":"<p>Julio es un bi\u00f3logo egresado de la Universidad Nacional Aut\u00f3noma de Honduras (UNAH). Ha trabajado como t\u00e9cnico de campo y supervisor de ciencia ciudadana para la investigaci\u00f3n pesquera en la Costa Norte de Honduras. Comenz\u00f3 su carrera en gobernanza ambiental como pasante en Coral Reef Alliance y como voluntario en la ONG ambiental Fundaci\u00f3n PROLANSATE.&hellip; <a href=\"https:\/\/coral.org\/es\/team\/julio-san-martin-chicas\/\" class=\"more-link\">Sigue Leyendo &#8594;<\/a><\/p>\n","protected":false},"featured_media":7974,"menu_order":8,"template":"","meta":{"_acf_changed":false,"inline_featured_image":false,"_genesis_hide_title":false,"_genesis_hide_breadcrumbs":false,"_genesis_hide_singular_image":false,"_genesis_hide_footer_widgets":false,"_genesis_custom_body_class":"","_genesis_custom_post_class":"","_genesis_layout":"","_genesis_transparent_header":false,"_genesis_hide_siblings_nav":false,"_genesis_hide_flyout":false,"_genesis_subtitle":"","_genesis_subheading":""},"tags":[302],"class_list":{"0":"post-4038","1":"team","2":"type-team","3":"status-publish","4":"has-post-thumbnail","6":"tag-mesoamerican-region-program-staff","7":"entry"},"acf":[],"template_part":"\n<article class=\"article article-team post-4038 team type-team status-publish has-post-thumbnail tag-mesoamerican-region-program-staff entry\">\n\t<div class=\"entry-image\">\n\t\t<a href=\"https:\/\/coral.org\/es\/team\/julio-san-martin-chicas\/\">\n\t\t\t<img width=\"500\" height=\"500\" src=\"https:\/\/static.coral.org\/uploads\/2023\/09\/Julio-San-Martin-Chicas-500x500.jpg\" class=\"attachment-thumbnail size-thumbnail wp-post-image\" alt=\"\" decoding=\"async\" loading=\"lazy\" srcset=\"https:\/\/static.coral.org\/uploads\/2023\/09\/Julio-San-Martin-Chicas-500x500.jpg 500w, https:\/\/static.coral.org\/uploads\/2023\/09\/Julio-San-Martin-Chicas.jpg 600w\" sizes=\"auto, (max-width: 500px) 100vw, 500px\" \/>\t\t<\/a>\n\t<\/div>\n\t<div class=\"entry-body\">\n\t\t<h2 class=\"entry-title\"><a href=\"https:\/\/coral.org\/es\/team\/julio-san-martin-chicas\/\" class=\"entry-title-link\">Julio San Mart\u00edn Chicas<\/a><\/h2>\t\t<p>Coordinador Principal de Programa para la Costa Norte<\/p>\n\t<\/div>\n<\/article>\n","_links":{"self":[{"href":"https:\/\/coral.org\/es\/wp-json\/wp\/v2\/team\/4038","targetHints":{"allow":["GET"]}}],"collection":[{"href":"https:\/\/coral.org\/es\/wp-json\/wp\/v2\/team"}],"about":[{"href":"https:\/\/coral.org\/es\/wp-json\/wp\/v2\/types\/team"}],"wp:featuredmedia":[{"embeddable":true,"href":"https:\/\/coral.org\/es\/wp-json\/wp\/v2\/media\/7974"}],"wp:attachment":[{"href":"https:\/\/coral.org\/es\/wp-json\/wp\/v2\/media?parent=4038"}],"wp:term":[{"taxonomy":"post_tag","embeddable":true,"href":"https:\/\/coral.org\/es\/wp-json\/wp\/v2\/tags?post=4038"}],"curies":[{"name":"wp","href":"https:\/\/api.w.org\/{rel}","templated":true}]}}

Julio San Martín Chicas

<p class="has-normal-font-size">Julio es un biólogo egresado de la Universidad Nacional Autónoma de Honduras (UNAH). Ha trabajado como técnico de campo y supervisor de ciencia ciudadana para la investigación pesquera en la Costa Norte de Honduras. Comenzó su carrera en gobernanza ambiental como pasante en Coral Reef Alliance y como voluntario en la ONG ambiental Fundación PROLANSATE. Posteriormente se convirtió en miembro activo de PROLANSATE y se unió a su Junta Directiva. Julio también es parte del programa de liderazgo del Arrecife Mesoamericano (SAM). Julio se destaca en el campo de la gobernanza ambiental por su capacidad para difundir información técnica a instituciones y comunidades locales, fortaleza que atribuye a su amplia trayectoria como educador ambiental. También tiene una amplia experiencia en el monitoreo pesquero, iniciativa que ha sido la base para la toma de decisiones efectivas relacionadas con la protección, recuperación y uso sostenible de los recursos pesqueros en la Costa Norte de Honduras. Julio cree firmemente que la participación de las comunidades locales es fundamental para la conservación efectiva de los recursos marinos costeros, ya que son los actores clave en cualquier proceso de protección. Se unió a CORAL en 2017 y actualmente se desempeña como Coordinador Principal de Programas para la Costa Norte de Honduras, principalmente con base en la Bahía de Tela.</p>



<blockquote class="wp-block-quote is-layout-flow wp-block-quote-is-layout-flow"><p>Los humanos son las únicas criaturas con la capacidad de sumergirse en las profundidades del mar, volar alto en el cielo, enviar mensajes instantáneos alrededor del mundo, reflexionar sobre el pasado, evaluar el presente e imaginar el futuro.</p><cite>Sylvia Earle</cite></blockquote>

<p>Julio es un biólogo egresado de la Universidad Nacional Autónoma de Honduras (UNAH). Ha trabajado como técnico de campo y supervisor de ciencia ciudadana para la investigación pesquera en la Costa Norte de Honduras. Comenzó su carrera en gobernanza ambiental como pasante en Coral Reef Alliance y como voluntario en la ONG ambiental Fundación PROLANSATE.&hellip; <a href="https://coral.org/es/team/julio-san-martin-chicas/" class="more-link">Sigue Leyendo &#8594;</a></p>

<article class="article article-team post-4038 team type-team status-publish has-post-thumbnail tag-mesoamerican-region-program-staff entry">
	<div class="entry-image">
		<a href="https://coral.org/es/team/julio-san-martin-chicas/">
			<img width="500" height="500" src="https://static.coral.org/uploads/2023/09/Julio-San-Martin-Chicas-500x500.jpg" class="attachment-thumbnail size-thumbnail wp-post-image" alt="" decoding="async" loading="lazy" srcset="https://static.coral.org/uploads/2023/09/Julio-San-Martin-Chicas-500x500.jpg 500w, https://static.coral.org/uploads/2023/09/Julio-San-Martin-Chicas.jpg 600w" sizes="auto, (max-width: 500px) 100vw, 500px" />		</a>
	</div>
	<div class="entry-body">
		<h2 class="entry-title"><a href="https://coral.org/es/team/julio-san-martin-chicas/" class="entry-title-link">Julio San Martín Chicas</a></h2>		<p>Coordinador Principal de Programa para la Costa Norte</p>
	</div>
</article>
