{"id":4049,"date":"2021-08-11T06:31:41","date_gmt":"2021-08-11T13:31:41","guid":{"rendered":"https:\/\/coral.org\/team\/andrea-rivera-sosa\/"},"modified":"2026-02-03T16:24:52","modified_gmt":"2026-02-04T00:24:52","slug":"andrea-rivera-sosa","status":"publish","type":"team","link":"https:\/\/coral.org\/es\/team\/andrea-rivera-sosa\/","title":{"rendered":"Dra. Andrea Rivera-Sosa"},"content":{"rendered":"\n<p class=\"has-normal-font-size\">Andrea Rivera-Sosa, Ph.D., es una bi\u00f3loga marina que ha seguido los sue\u00f1os de su vida de estudiar los arrecifes de coral en las Islas V\u00edrgenes, Moorea, las Islas Hawaianas y la regi\u00f3n Mesoamericana. Es buceadora, monitora de arrecifes y entrenadora sobre blanqueamiento de corales, factores estresantes y ecolog\u00eda. Recibi\u00f3 su Doctorado en Ciencias del Mar en CINVESTAV, M\u00e9xico. Recibi\u00f3 su Licenciatura en la Universidad de Hawai&#8217;i en Manoa y una Maestr\u00eda en Gesti\u00f3n de Aguas y Costas en la Universidad de Plymouth en el Reino Unido. Como Gerente de Proyecto y Difusi\u00f3n de CORAL para el programa Global Conservation Science, trabaja con m\u00faltiples grupos en todo el mundo para monitorear el blanqueamiento de los corales y colabora con cient\u00edficos conservacionistas a nivel mundial para mejorar las caracter\u00edsticas de detecci\u00f3n de blanqueamiento de Allen Coral Atlas y coordinar las respuestas sobre el terreno. Andrea tambi\u00e9n es emprendedora en Bacalar, M\u00e9xico, junto a su pareja y sus tres perros, y disfruta liderando eventos ambientales en su comunidad local.<\/p>\n\n\n\n<blockquote class=\"wp-block-quote is-layout-flow wp-block-quote-is-layout-flow\"><p>Nunca dude que un peque\u00f1o grupo de ciudadanos pensantes y comprometidos pueda cambiar el mundo. De hecho, \u00a1Es lo \u00fanico que ha habido alguna vez!<\/p><cite>Margaret Mead<\/cite><\/blockquote>\n","protected":false},"excerpt":{"rendered":"<p>Andrea Rivera-Sosa, Ph.D., es una bi\u00f3loga marina que ha seguido los sue\u00f1os de su vida de estudiar los arrecifes de coral en las Islas V\u00edrgenes, Moorea, las Islas Hawaianas y la regi\u00f3n Mesoamericana. Es buceadora, monitora de arrecifes y entrenadora sobre blanqueamiento de corales, factores estresantes y ecolog\u00eda. Recibi\u00f3 su Doctorado en Ciencias del Mar&hellip; <a href=\"https:\/\/coral.org\/es\/team\/andrea-rivera-sosa\/\" class=\"more-link\">Sigue Leyendo &#8594;<\/a><\/p>\n","protected":false},"featured_media":7971,"menu_order":2,"template":"","meta":{"_acf_changed":true,"inline_featured_image":false,"_genesis_hide_title":false,"_genesis_hide_breadcrumbs":false,"_genesis_hide_singular_image":false,"_genesis_hide_footer_widgets":false,"_genesis_custom_body_class":"","_genesis_custom_post_class":"","_genesis_layout":"","_genesis_transparent_header":false,"_genesis_hide_siblings_nav":false,"_genesis_hide_flyout":false,"_genesis_subtitle":"","_genesis_subheading":""},"tags":[304],"class_list":{"0":"post-4049","1":"team","2":"type-team","3":"status-publish","4":"has-post-thumbnail","6":"tag-conservation-science-staff","7":"entry"},"acf":[],"template_part":"\n<article class=\"article article-team post-4049 team type-team status-publish has-post-thumbnail tag-conservation-science-staff entry\">\n\t<div class=\"entry-image\">\n\t\t<a href=\"https:\/\/coral.org\/es\/team\/andrea-rivera-sosa\/\">\n\t\t\t<img width=\"500\" height=\"500\" src=\"https:\/\/static.coral.org\/uploads\/2023\/09\/Andrea-Rivera-Sosa-500x500.jpg\" class=\"attachment-thumbnail size-thumbnail wp-post-image\" alt=\"\" decoding=\"async\" loading=\"lazy\" srcset=\"https:\/\/static.coral.org\/uploads\/2023\/09\/Andrea-Rivera-Sosa-500x500.jpg 500w, https:\/\/static.coral.org\/uploads\/2023\/09\/Andrea-Rivera-Sosa.jpg 600w\" sizes=\"auto, (max-width: 500px) 100vw, 500px\" \/>\t\t<\/a>\n\t<\/div>\n\t<div class=\"entry-body\">\n\t\t<h2 class=\"entry-title\"><a href=\"https:\/\/coral.org\/es\/team\/andrea-rivera-sosa\/\" class=\"entry-title-link\">Dra. Andrea Rivera-Sosa<\/a><\/h2>\t\t<p>Gerente, Ciencia para la Pol\u00edtica y la Pr\u00e1ctica<\/p>\n\t<\/div>\n<\/article>\n","_links":{"self":[{"href":"https:\/\/coral.org\/es\/wp-json\/wp\/v2\/team\/4049","targetHints":{"allow":["GET"]}}],"collection":[{"href":"https:\/\/coral.org\/es\/wp-json\/wp\/v2\/team"}],"about":[{"href":"https:\/\/coral.org\/es\/wp-json\/wp\/v2\/types\/team"}],"wp:featuredmedia":[{"embeddable":true,"href":"https:\/\/coral.org\/es\/wp-json\/wp\/v2\/media\/7971"}],"wp:attachment":[{"href":"https:\/\/coral.org\/es\/wp-json\/wp\/v2\/media?parent=4049"}],"wp:term":[{"taxonomy":"post_tag","embeddable":true,"href":"https:\/\/coral.org\/es\/wp-json\/wp\/v2\/tags?post=4049"}],"curies":[{"name":"wp","href":"https:\/\/api.w.org\/{rel}","templated":true}]}}

<p class="has-normal-font-size">Andrea Rivera-Sosa, Ph.D., es una bióloga marina que ha seguido los sueños de su vida de estudiar los arrecifes de coral en las Islas Vírgenes, Moorea, las Islas Hawaianas y la región Mesoamericana. Es buceadora, monitora de arrecifes y entrenadora sobre blanqueamiento de corales, factores estresantes y ecología. Recibió su Doctorado en Ciencias del Mar en CINVESTAV, México. Recibió su Licenciatura en la Universidad de Hawai&#8217;i en Manoa y una Maestría en Gestión de Aguas y Costas en la Universidad de Plymouth en el Reino Unido. Como Gerente de Proyecto y Difusión de CORAL para el programa Global Conservation Science, trabaja con múltiples grupos en todo el mundo para monitorear el blanqueamiento de los corales y colabora con científicos conservacionistas a nivel mundial para mejorar las características de detección de blanqueamiento de Allen Coral Atlas y coordinar las respuestas sobre el terreno. Andrea también es emprendedora en Bacalar, México, junto a su pareja y sus tres perros, y disfruta liderando eventos ambientales en su comunidad local.</p>



<blockquote class="wp-block-quote is-layout-flow wp-block-quote-is-layout-flow"><p>Nunca dude que un pequeño grupo de ciudadanos pensantes y comprometidos pueda cambiar el mundo. De hecho, ¡Es lo único que ha habido alguna vez!</p><cite>Margaret Mead</cite></blockquote>

<p>Andrea Rivera-Sosa, Ph.D., es una bióloga marina que ha seguido los sueños de su vida de estudiar los arrecifes de coral en las Islas Vírgenes, Moorea, las Islas Hawaianas y la región Mesoamericana. Es buceadora, monitora de arrecifes y entrenadora sobre blanqueamiento de corales, factores estresantes y ecología. Recibió su Doctorado en Ciencias del Mar&hellip; <a href="https://coral.org/es/team/andrea-rivera-sosa/" class="more-link">Sigue Leyendo &#8594;</a></p>

<article class="article article-team post-4049 team type-team status-publish has-post-thumbnail tag-conservation-science-staff entry">
	<div class="entry-image">
		<a href="https://coral.org/es/team/andrea-rivera-sosa/">
			<img width="500" height="500" src="https://static.coral.org/uploads/2023/09/Andrea-Rivera-Sosa-500x500.jpg" class="attachment-thumbnail size-thumbnail wp-post-image" alt="" decoding="async" loading="lazy" srcset="https://static.coral.org/uploads/2023/09/Andrea-Rivera-Sosa-500x500.jpg 500w, https://static.coral.org/uploads/2023/09/Andrea-Rivera-Sosa.jpg 600w" sizes="auto, (max-width: 500px) 100vw, 500px" />		</a>
	</div>
	<div class="entry-body">
		<h2 class="entry-title"><a href="https://coral.org/es/team/andrea-rivera-sosa/" class="entry-title-link">Dra. Andrea Rivera-Sosa</a></h2>		<p>Gerente, Ciencia para la Política y la Práctica</p>
	</div>
</article>
