{"id":6067,"date":"2022-07-26T13:06:59","date_gmt":"2022-07-26T20:06:59","guid":{"rendered":"https:\/\/coral.org\/?post_type=team&#038;p=6067"},"modified":"2025-07-28T14:59:22","modified_gmt":"2025-07-28T21:59:22","slug":"monica-urrutia","status":"publish","type":"team","link":"https:\/\/coral.org\/es\/team\/monica-urrutia\/","title":{"rendered":"M\u00f3nica Urr\u00fatia"},"content":{"rendered":"\n<p>Desde muy peque\u00f1a, M\u00f3nica Urr\u00fatia se traslad\u00f3 desde su ciudad natal Tegucigalpa, Honduras, a la comunidad Gar\u00edfuna de Tornab\u00e9 en Tela. Ella es T\u00e9cnico en Computaci\u00f3n, tiene amplia experiencia trabajando en el sector turismo. Como madre de dos, se siente inspirada para involucrarse en las diversas iniciativas de protecci\u00f3n y recuperaci\u00f3n de los recursos marino-costeros. Desde el 2022 se incorpor\u00f3 a trabajar en CORAL como Cient\u00edfica Comunitaria para la Bah\u00eda de Tela y como encargada del proyecto acu\u00edcola con especies de peces nativas.<\/p>\n\n\n\n<p>M\u00f3nica, al ser de familia de pescadores tiene amplio conocimiento de esta actividad y ha desarrollado una gran habilidad para interactuar con pescadores locales incluyendo las comunidades Gar\u00edfunas. M\u00f3nica desarrolla monitoreos pesqueros por desembarque en la Bah\u00eda de Tela los cuales son de gran importancia para conocer el estado del recurso y para generar estrategias para la conservaci\u00f3n de los arrecifes coralinos y el uso sostenible del recurso pesquero. Igualmente, M\u00f3nica est\u00e1 a cargo del proyecto del cultivo de peces nativos el cual es una iniciativa propia de Coral Reef Alliance y es considerado como un proyecto clave a futuro para establecer alternativas econ\u00f3micas sostenibles para las comunidades pesqueras.<\/p>\n\n\n\n<blockquote class=\"wp-block-quote is-layout-flow wp-block-quote-is-layout-flow\">\n<p><em>Espero su ayuda para explorar y proteger el oc\u00e9ano salvaje de manera que restaure la salud y, al hacerlo, asegure la esperanza para la humanidad. Salud para el oc\u00e9ano significa salud para nosotros<\/em>.<\/p>\n<cite>Sylvia Earle<\/cite><\/blockquote>\n","protected":false},"excerpt":{"rendered":"<p>Desde muy peque\u00f1a, M\u00f3nica Urr\u00fatia se traslad\u00f3 desde su ciudad natal Tegucigalpa, Honduras, a la comunidad Gar\u00edfuna de Tornab\u00e9 en Tela. Ella es T\u00e9cnico en Computaci\u00f3n, tiene amplia experiencia trabajando en el sector turismo. Como madre de dos, se siente inspirada para involucrarse en las diversas iniciativas de protecci\u00f3n y recuperaci\u00f3n de los recursos marino-costeros.&hellip; <a href=\"https:\/\/coral.org\/es\/team\/monica-urrutia\/\" class=\"more-link\">Sigue Leyendo &#8594;<\/a><\/p>\n","protected":false},"featured_media":7978,"menu_order":11,"template":"","meta":{"_acf_changed":false,"inline_featured_image":false,"_genesis_hide_title":false,"_genesis_hide_breadcrumbs":false,"_genesis_hide_singular_image":false,"_genesis_hide_footer_widgets":false,"_genesis_custom_body_class":"","_genesis_custom_post_class":"","_genesis_layout":"","_genesis_transparent_header":false,"_genesis_hide_siblings_nav":false,"_genesis_hide_flyout":false,"_genesis_subtitle":"","_genesis_subheading":""},"tags":[302],"class_list":{"0":"post-6067","1":"team","2":"type-team","3":"status-publish","4":"has-post-thumbnail","6":"tag-mesoamerican-region-program-staff","7":"entry"},"acf":[],"template_part":"\n<article class=\"article article-team post-6067 team type-team status-publish has-post-thumbnail tag-mesoamerican-region-program-staff entry\">\n\t<div class=\"entry-image\">\n\t\t<a href=\"https:\/\/coral.org\/es\/team\/monica-urrutia\/\">\n\t\t\t<img width=\"500\" height=\"500\" src=\"https:\/\/static.coral.org\/uploads\/2023\/09\/Monica-Urrita-500x500.jpg\" class=\"attachment-thumbnail size-thumbnail wp-post-image\" alt=\"\" decoding=\"async\" loading=\"lazy\" srcset=\"https:\/\/static.coral.org\/uploads\/2023\/09\/Monica-Urrita-500x500.jpg 500w, https:\/\/static.coral.org\/uploads\/2023\/09\/Monica-Urrita.jpg 600w\" sizes=\"auto, (max-width: 500px) 100vw, 500px\" \/>\t\t<\/a>\n\t<\/div>\n\t<div class=\"entry-body\">\n\t\t<h2 class=\"entry-title\"><a href=\"https:\/\/coral.org\/es\/team\/monica-urrutia\/\" class=\"entry-title-link\">M\u00f3nica Urr\u00fatia<\/a><\/h2>\t\t<p>Cient\u00edfica Comunitaria<\/p>\n\t<\/div>\n<\/article>\n","_links":{"self":[{"href":"https:\/\/coral.org\/es\/wp-json\/wp\/v2\/team\/6067","targetHints":{"allow":["GET"]}}],"collection":[{"href":"https:\/\/coral.org\/es\/wp-json\/wp\/v2\/team"}],"about":[{"href":"https:\/\/coral.org\/es\/wp-json\/wp\/v2\/types\/team"}],"wp:featuredmedia":[{"embeddable":true,"href":"https:\/\/coral.org\/es\/wp-json\/wp\/v2\/media\/7978"}],"wp:attachment":[{"href":"https:\/\/coral.org\/es\/wp-json\/wp\/v2\/media?parent=6067"}],"wp:term":[{"taxonomy":"post_tag","embeddable":true,"href":"https:\/\/coral.org\/es\/wp-json\/wp\/v2\/tags?post=6067"}],"curies":[{"name":"wp","href":"https:\/\/api.w.org\/{rel}","templated":true}]}}

Mónica Urrútia

<p>Desde muy pequeña, Mónica Urrútia se trasladó desde su ciudad natal Tegucigalpa, Honduras, a la comunidad Garífuna de Tornabé en Tela. Ella es Técnico en Computación, tiene amplia experiencia trabajando en el sector turismo. Como madre de dos, se siente inspirada para involucrarse en las diversas iniciativas de protección y recuperación de los recursos marino-costeros. Desde el 2022 se incorporó a trabajar en CORAL como Científica Comunitaria para la Bahía de Tela y como encargada del proyecto acuícola con especies de peces nativas.</p>



<p>Mónica, al ser de familia de pescadores tiene amplio conocimiento de esta actividad y ha desarrollado una gran habilidad para interactuar con pescadores locales incluyendo las comunidades Garífunas. Mónica desarrolla monitoreos pesqueros por desembarque en la Bahía de Tela los cuales son de gran importancia para conocer el estado del recurso y para generar estrategias para la conservación de los arrecifes coralinos y el uso sostenible del recurso pesquero. Igualmente, Mónica está a cargo del proyecto del cultivo de peces nativos el cual es una iniciativa propia de Coral Reef Alliance y es considerado como un proyecto clave a futuro para establecer alternativas económicas sostenibles para las comunidades pesqueras.</p>



<blockquote class="wp-block-quote is-layout-flow wp-block-quote-is-layout-flow">
<p><em>Espero su ayuda para explorar y proteger el océano salvaje de manera que restaure la salud y, al hacerlo, asegure la esperanza para la humanidad. Salud para el océano significa salud para nosotros</em>.</p>
<cite>Sylvia Earle</cite></blockquote>

<p>Desde muy pequeña, Mónica Urrútia se trasladó desde su ciudad natal Tegucigalpa, Honduras, a la comunidad Garífuna de Tornabé en Tela. Ella es Técnico en Computación, tiene amplia experiencia trabajando en el sector turismo. Como madre de dos, se siente inspirada para involucrarse en las diversas iniciativas de protección y recuperación de los recursos marino-costeros.&hellip; <a href="https://coral.org/es/team/monica-urrutia/" class="more-link">Sigue Leyendo &#8594;</a></p>

<article class="article article-team post-6067 team type-team status-publish has-post-thumbnail tag-mesoamerican-region-program-staff entry">
	<div class="entry-image">
		<a href="https://coral.org/es/team/monica-urrutia/">
			<img width="500" height="500" src="https://static.coral.org/uploads/2023/09/Monica-Urrita-500x500.jpg" class="attachment-thumbnail size-thumbnail wp-post-image" alt="" decoding="async" loading="lazy" srcset="https://static.coral.org/uploads/2023/09/Monica-Urrita-500x500.jpg 500w, https://static.coral.org/uploads/2023/09/Monica-Urrita.jpg 600w" sizes="auto, (max-width: 500px) 100vw, 500px" />		</a>
	</div>
	<div class="entry-body">
		<h2 class="entry-title"><a href="https://coral.org/es/team/monica-urrutia/" class="entry-title-link">Mónica Urrútia</a></h2>		<p>Científica Comunitaria</p>
	</div>
</article>
