{"id":6078,"date":"2022-08-03T07:54:16","date_gmt":"2022-08-03T14:54:16","guid":{"rendered":"https:\/\/coral.org\/?post_type=team&#038;p=6078"},"modified":"2024-04-09T13:55:51","modified_gmt":"2024-04-09T20:55:51","slug":"christian-torres","status":"publish","type":"team","link":"https:\/\/coral.org\/es\/team\/christian-torres\/","title":{"rendered":"Christian Torres"},"content":{"rendered":"\n<p>Christian es ingeniero ambiental y tiene un M\u00e1ster Ejecutivo en Administraci\u00f3n de Empresas por la Universidad de C\u00e1diz y la Escuela de Negocios Formato Educativo de Madrid, Espa\u00f1a. Actualmente estudia la doble titulaci\u00f3n en Gesti\u00f3n de Proyectos y Direcci\u00f3n de Equipos y Liderazgo con la Universidad Isabel l y la Escuela Europea de Negocios de Barcelona. Es un profesional capacitado con una visi\u00f3n integral, capaz de identificar, entender y proponer soluciones alternativas y de prevenci\u00f3n a los problemas socioecon\u00f3micos y ambientales. Con experiencia probada en proyectos de desarrollo sostenible y de calidad, ha trabajado con empresas multinacionales y con la Facultad Latinoamericana de Ciencias Sociales (FLACSO), en la elaboraci\u00f3n de diagn\u00f3sticos socioecon\u00f3micos, estudios de mercado y de opini\u00f3n p\u00fablica.<\/p>\n\n\n\n<p>Apasionado por la vida marino-costera, se incorpor\u00f3 a CORAL como Consultor de Control de Calidad desde 2020. Un puesto en el que ha garantizado la calidad y el \u00e9xito de las actividades de CORAL y del programa asociado a National Geographic, Go Blue Bay Islands. Para cumplir con la misi\u00f3n de salvar los arrecifes, a partir de 2022 ha trabajado como Coordinador de Programa de Islas de la Bah\u00eda en Honduras. Aportando todas sus capacidades y mejorando constantemente su perfil, trabaja con equipos multidisciplinarios con un alto grado de responsabilidad y compromiso, haciendo uso de conocimientos cient\u00edficos, tecnol\u00f3gicos y human\u00edsticos. Se desarrolla en proyectos de calidad de agua y saneamiento, empoderamiento de la comunidad local, pesca, educaci\u00f3n socio-ambiental, turismo y desarrollo sostenible, protecci\u00f3n y conservaci\u00f3n de los recursos naturales; con el fin de poder dar resiliencia a los destinos marino-costeros del Sistema Arrecifal Mesoamericano<\/p>\n\n\n\n<blockquote class=\"wp-block-quote is-layout-flow wp-block-quote-is-layout-flow\">\n<p><em>El oc\u00e9ano agita el coraz\u00f3n, inspira la imaginaci\u00f3n y trae la alegr\u00eda eterna al alma<\/em><\/p>\n<cite>Robert Wyland<\/cite><\/blockquote>\n","protected":false},"excerpt":{"rendered":"<p>Christian es ingeniero ambiental y tiene un M\u00e1ster Ejecutivo en Administraci\u00f3n de Empresas por la Universidad de C\u00e1diz y la Escuela de Negocios Formato Educativo de Madrid, Espa\u00f1a. Actualmente estudia la doble titulaci\u00f3n en Gesti\u00f3n de Proyectos y Direcci\u00f3n de Equipos y Liderazgo con la Universidad Isabel l y la Escuela Europea de Negocios de&hellip; <a href=\"https:\/\/coral.org\/es\/team\/christian-torres\/\" class=\"more-link\">Sigue Leyendo &#8594;<\/a><\/p>\n","protected":false},"featured_media":6080,"menu_order":9,"template":"","meta":{"_acf_changed":false,"inline_featured_image":false,"_genesis_hide_title":false,"_genesis_hide_breadcrumbs":false,"_genesis_hide_singular_image":false,"_genesis_hide_footer_widgets":false,"_genesis_custom_body_class":"","_genesis_custom_post_class":"","_genesis_layout":"","_genesis_transparent_header":false,"_genesis_hide_siblings_nav":false,"_genesis_hide_flyout":false,"_genesis_subtitle":"","_genesis_subheading":""},"tags":[],"class_list":{"0":"post-6078","1":"team","2":"type-team","3":"status-publish","4":"has-post-thumbnail","6":"entry"},"acf":[],"template_part":"\n<article class=\"article article-team post-6078 team type-team status-publish has-post-thumbnail entry\">\n\t<div class=\"entry-image\">\n\t\t<a href=\"https:\/\/coral.org\/es\/team\/christian-torres\/\">\n\t\t\t<img width=\"500\" height=\"500\" src=\"https:\/\/static.coral.org\/uploads\/2022\/08\/c.torres-500x500.jpg\" class=\"attachment-thumbnail size-thumbnail wp-post-image\" alt=\"\" decoding=\"async\" loading=\"lazy\" srcset=\"https:\/\/static.coral.org\/uploads\/2022\/08\/c.torres-500x500.jpg 500w, https:\/\/static.coral.org\/uploads\/2022\/08\/c.torres-796x796.jpg 796w, https:\/\/static.coral.org\/uploads\/2022\/08\/c.torres-1024x1024.jpg 1024w, https:\/\/static.coral.org\/uploads\/2022\/08\/c.torres-768x768.jpg 768w, https:\/\/static.coral.org\/uploads\/2022\/08\/c.torres-600x600.jpg 600w, https:\/\/static.coral.org\/uploads\/2022\/08\/c.torres.jpg 1080w\" sizes=\"auto, (max-width: 500px) 100vw, 500px\" \/>\t\t<\/a>\n\t<\/div>\n\t<div class=\"entry-body\">\n\t\t<h2 class=\"entry-title\"><a href=\"https:\/\/coral.org\/es\/team\/christian-torres\/\" class=\"entry-title-link\">Christian Torres<\/a><\/h2>\t\t<p>Coordinador de Programa de Islas de la Bah\u00eda<\/p>\n\t<\/div>\n<\/article>\n","_links":{"self":[{"href":"https:\/\/coral.org\/es\/wp-json\/wp\/v2\/team\/6078","targetHints":{"allow":["GET"]}}],"collection":[{"href":"https:\/\/coral.org\/es\/wp-json\/wp\/v2\/team"}],"about":[{"href":"https:\/\/coral.org\/es\/wp-json\/wp\/v2\/types\/team"}],"wp:featuredmedia":[{"embeddable":true,"href":"https:\/\/coral.org\/es\/wp-json\/wp\/v2\/media\/6080"}],"wp:attachment":[{"href":"https:\/\/coral.org\/es\/wp-json\/wp\/v2\/media?parent=6078"}],"wp:term":[{"taxonomy":"post_tag","embeddable":true,"href":"https:\/\/coral.org\/es\/wp-json\/wp\/v2\/tags?post=6078"}],"curies":[{"name":"wp","href":"https:\/\/api.w.org\/{rel}","templated":true}]}}

<p>Christian es ingeniero ambiental y tiene un Máster Ejecutivo en Administración de Empresas por la Universidad de Cádiz y la Escuela de Negocios Formato Educativo de Madrid, España. Actualmente estudia la doble titulación en Gestión de Proyectos y Dirección de Equipos y Liderazgo con la Universidad Isabel l y la Escuela Europea de Negocios de Barcelona. Es un profesional capacitado con una visión integral, capaz de identificar, entender y proponer soluciones alternativas y de prevención a los problemas socioeconómicos y ambientales. Con experiencia probada en proyectos de desarrollo sostenible y de calidad, ha trabajado con empresas multinacionales y con la Facultad Latinoamericana de Ciencias Sociales (FLACSO), en la elaboración de diagnósticos socioeconómicos, estudios de mercado y de opinión pública.</p>



<p>Apasionado por la vida marino-costera, se incorporó a CORAL como Consultor de Control de Calidad desde 2020. Un puesto en el que ha garantizado la calidad y el éxito de las actividades de CORAL y del programa asociado a National Geographic, Go Blue Bay Islands. Para cumplir con la misión de salvar los arrecifes, a partir de 2022 ha trabajado como Coordinador de Programa de Islas de la Bahía en Honduras. Aportando todas sus capacidades y mejorando constantemente su perfil, trabaja con equipos multidisciplinarios con un alto grado de responsabilidad y compromiso, haciendo uso de conocimientos científicos, tecnológicos y humanísticos. Se desarrolla en proyectos de calidad de agua y saneamiento, empoderamiento de la comunidad local, pesca, educación socio-ambiental, turismo y desarrollo sostenible, protección y conservación de los recursos naturales; con el fin de poder dar resiliencia a los destinos marino-costeros del Sistema Arrecifal Mesoamericano</p>



<blockquote class="wp-block-quote is-layout-flow wp-block-quote-is-layout-flow">
<p><em>El océano agita el corazón, inspira la imaginación y trae la alegría eterna al alma</em></p>
<cite>Robert Wyland</cite></blockquote>

<p>Christian es ingeniero ambiental y tiene un Máster Ejecutivo en Administración de Empresas por la Universidad de Cádiz y la Escuela de Negocios Formato Educativo de Madrid, España. Actualmente estudia la doble titulación en Gestión de Proyectos y Dirección de Equipos y Liderazgo con la Universidad Isabel l y la Escuela Europea de Negocios de&hellip; <a href="https://coral.org/es/team/christian-torres/" class="more-link">Sigue Leyendo &#8594;</a></p>

<article class="article article-team post-6078 team type-team status-publish has-post-thumbnail entry">
	<div class="entry-image">
		<a href="https://coral.org/es/team/christian-torres/">
			<img width="500" height="500" src="https://static.coral.org/uploads/2022/08/c.torres-500x500.jpg" class="attachment-thumbnail size-thumbnail wp-post-image" alt="" decoding="async" loading="lazy" srcset="https://static.coral.org/uploads/2022/08/c.torres-500x500.jpg 500w, https://static.coral.org/uploads/2022/08/c.torres-796x796.jpg 796w, https://static.coral.org/uploads/2022/08/c.torres-1024x1024.jpg 1024w, https://static.coral.org/uploads/2022/08/c.torres-768x768.jpg 768w, https://static.coral.org/uploads/2022/08/c.torres-600x600.jpg 600w, https://static.coral.org/uploads/2022/08/c.torres.jpg 1080w" sizes="auto, (max-width: 500px) 100vw, 500px" />		</a>
	</div>
	<div class="entry-body">
		<h2 class="entry-title"><a href="https://coral.org/es/team/christian-torres/" class="entry-title-link">Christian Torres</a></h2>		<p>Coordinador de Programa de Islas de la Bahía</p>
	</div>
</article>
